7. Let v(r) = -5*r + 1. What is the remainder when v(f) is divided by 10?
6
Let m(o) = 24*o**2 + 23*o - 22. Calculate the remainder when 5*4/12*51 is divided by m(1).
10
Let v(d) = -12*d**2 + 316*d - 60. What is the remainder when 771 is divided by v(26)?
23
Let j = -13418 + 13435. What is the remainder when 6645 is divided by j?
15
Let b(a) = a - 1. Let z(l) = -13*l + 14. Let s(h) = 22*b(h) + 2*z(h). Let y be s(0). Suppose 2*o = y*o - 8. What is the remainder when 6 is divided by o?
0
Let x be ((-552)/230)/((-2)/(-5)). Let h(t) = -t**3 - 4*t**2 + 7*t + 1. Let k be h(-5). What is the remainder when 105/(-14)*(-2 + x/k) is divided by 8?
2
Let b(t) = t**2 - 103*t - 274. Let l be (-2)/((-2)/134*2). Suppose 5*a - n - l = 367, -5*n - 450 = -5*a. What is the remainder when a is divided by b(-3)?
42
Suppose 4964 + 4488 = n - a, -3*n + 4*a = -28358. Calculate the remainder when n is divided by 34.
32
Suppose 10*f - 9*f - 44 = 0. Let r = f + 20. Calculate the remainder when 2*r - (-6 - -1 - -4) is divided by 12.
9
Let c = -12536 - -12547. What is the remainder when 5475 is divided by c?
8
Let k = -215 + 220. Suppose -12*g - 2*s = -10*g - 172, g = k*s + 80. Calculate the remainder when 246 is divided by g.
76
What is the remainder when 1022 is divided by (2 - (-191)/2) + 2177/(-622)?
82
Suppose -336*y = -360*y + 360. Calculate the remainder when 119 is divided by y.
14
Let t(s) be the first derivative of -s**4/4 - 22*s**3/3 + 23*s**2 - 40*s + 123. What is the remainder when t(-24) is divided by 2?
0
Let h = -19586 + 35028. Calculate the remainder when 1/(-9) - h/(-63) is divided by 86.
73
Let x be 49/(-4) - ((-117)/(-36))/(-13). Let w = x - -35. Suppose a = -3*a - 5*d + 52, -4*a - d + 52 = 0. What is the remainder when w is divided by a?
10
Let y(k) = -45*k + 1454. Calculate the remainder when y(31) is divided by -34*(14/4)/(-7).
8
What is the remainder when 530 is divided by ((-30)/15)/(-3*7/798)?
74
Suppose -4*j + 109 + 115 = -l, -5*j - l + 280 = 0. Let x(q) = q**2 + 10*q + 5. Let z be x(-11). What is the remainder when j is divided by (20/15)/(z/372)?
25
Suppose 2*y + 2*k - 3016 = 5*y, -1007 = y - k. What is the remainder when (y/(-10))/1 - (-248)/310 is divided by 34?
33
Suppose -37*u + 1065 = -32*u. Let m = u + -200. What is the remainder when m is divided by 1?
0
Suppose -5 = 17*n - 9 - 268. What is the remainder when 130 is divided by n?
2
Let m = 600 - 579. Calculate the remainder when 2/5 + (-478)/(-5) is divided by (-3 - -1)/((-3)/m).
12
Suppose -4*x + 26 = -2*w, -4*x + 3*x = -3*w - 39. Let k(i) = 11*i + 150. What is the remainder when 39 is divided by k(w)?
4
Suppose 38*o + 9273 = 28197. Calculate the remainder when o is divided by 48.
18
Let t(q) = 2*q**3 - 15*q**2 + 31*q + 1. What is the remainder when -4*4/(-8) + 21 is divided by t(4)?
10
Let x be ((-51)/6 + -1)*6. Let v = -41 - x. Let g(j) = -j**3 + 16*j**2 + j + 10. Calculate the remainder when 76 is divided by g(v).
24
Let s = 151 - 121. Suppose m = 4*p + p + 2, m + 2*p - s = 0. Calculate the remainder when 76 is divided by m.
10
Suppose 6*g - 3*g + 15 = 0, -2*y = -5*g - 37. Suppose -y + 14 = -z. Let x = 25 + z. What is the remainder when 82 is divided by x?
14
Let y(v) = v**2 - 165*v + 7808. Calculate the remainder when y(87) is divided by 270.
212
Suppose 4*x + 105 = 7*x. What is the remainder when (144/28)/(88/3542) is divided by x?
32
Suppose -41*t + 451 = -358 - 93. Calculate the remainder when 284 is divided by t.
20
Let f(z) = -3*z**3 - 4*z**2 + 8*z + 9. Let c be f(-5). Suppose 11*r - 801 - c = 0. What is the remainder when r is divided by 29?
8
Let k(j) = -2*j**3 - 3*j**2 + 7*j + 5. What is the remainder when k(-6) is divided by ((-6120)/(-240))/((-6)/(-4))?
15
Suppose 0*q - 34 = -17*q. Suppose -q*n + 25*n = 161. What is the remainder when n is divided by 10/15*(-18)/(-4)?
1
Let l(k) = 29*k**2 - k + 1. Suppose 31*y = -47 + 16. What is the remainder when 117 is divided by l(y)?
24
Let y(a) = -2*a**3 - 2*a**2 - 4*a. Let h(f) = 3*f**2 - 15*f - 13. Calculate the remainder when y(-4) is divided by h(7).
25
Let o be 9/(-2)*8/(-3). Let f = -44 - -54. Suppose f*w = o*w - 88. What is the remainder when w is divided by 9?
8
Let w = -70 - -69. Let p be (-2*w/(-8))/((-15)/180). Suppose -5*x = 2*z - 0*x - 12, 4*x - 32 = -p*z. What is the remainder when 63 is divided by z?
15
Let s(j) = -3*j**2 + 3*j - 2. Let p be s(2). What is the remainder when 110 is divided by (-2*7/(-21))/(p/(-492))?
28
Let d(v) = 131*v**3 - 2*v**2 + 3*v - 2. Calculate the remainder when d(1) is divided by (-32)/12*((-13)/2 + 2).
10
Let z = -3723 + 3790. What is the remainder when 867 is divided by z?
63
Suppose -1570*h = -1582*h + 720. Calculate the remainder when 533 is divided by h.
53
Suppose -g - 11 = -a - 367, 5*a - 1004 = -3*g. What is the remainder when g is divided by 344?
4
Let l(i) = i**2 + 6*i - 11. Suppose z = -w - 5 + 3, 4*z + 2*w = -14. Calculate the remainder when (z/2)/(169/(-24) + 7) is divided by l(-9).
12
Let q(u) = 12*u**2 - 44*u - 23. What is the remainder when (-11 + -207)*1*-1 is divided by q(5)?
47
Let k(f) = 11*f - 8. Let t(p) = -2978*p - 5669. What is the remainder when t(-2) is divided by k(6)?
55
Let t(b) = 11*b**2 - 5*b - 4. Let q = -111002 - -111041. What is the remainder when t(-3) is divided by q?
32
Suppose 0 = -3*l + 5*l + 76. Let u = l - -18. Calculate the remainder when 27 is divided by u/(-3)*54/24.
12
Suppose -50*l - 9*l + 19353 = -6194. What is the remainder when l is divided by 125?
58
Let r(z) = 5*z**2 - 3*z + 6. Let d = -46 + 42. Let s be r(d). Let i = s - 38. Calculate the remainder when i is divided by 32.
28
Let y be ((-5)/2 + 3)/(2/20). Suppose -5*k = -q - 69, y*k - 90 = 4*q - 24. Calculate the remainder when (-1)/3*-2*51 is divided by k.
6
Suppose 6*d - 902 = 40. Calculate the remainder when 2032 is divided by d.
148
Let m(f) = 0*f + 134 - 128 + 7*f - 3*f. Let y be 170/15 - 2/(-3). Calculate the remainder when m(y) is divided by 14.
12
Let y(s) = -s + 1. Let o be y(3). Let l = o - -25. Calculate the remainder when (10/((-25)/(-5)))/(5/110) is divided by l.
21
Let m = 57 + -27. Let x = 19 - m. Let t = 23 + x. Calculate the remainder when 31 is divided by t.
7
Let t(r) = -14*r + 178. Let g(b) = b**2 - 6*b - 2. Let w be g(6). Calculate the remainder when (-10)/w*(-90)/(-25) is divided by t(12).
8
Let f(u) = 4*u**2 + 79*u - 200. What is the remainder when 691 is divided by f(-23)?
97
Let y(p) = -89*p**3 + p**2 - p. Let m be y(1). Let o = -48 - m. Let w(z) = 2*z**3 - 106*z**2 + 205*z + 25. Calculate the remainder when w(51) is divided by o.
35
Suppose -4*n + 4*l - 5954 = -6*n, -5*n + 18*l = -14997. Calculate the remainder when n is divided by 83.
80
Let f(p) = -295*p + 60 + 152*p + 153*p. Calculate the remainder when 87 is divided by f(-5).
7
Let p be (4/(-6))/(1/18). Let j = 2258 + -2185. What is the remainder when j is divided by -1 + 2 + 2 - p?
13
Let u(w) = -w. Let a be u(-7). Let z(v) = -v**3 + 6*v**2 + 11*v - 7. Suppose 0 = 10*p + 92 - 922. What is the remainder when p is divided by z(a)?
20
Suppose -55 = -3*q + 62. Suppose -2*v + 3*v = 4*h - 16, -5*v + 5*h = 20. Suppose -56 = -v*l - 4*l. Calculate the remainder when q is divided by l.
11
Suppose -44*a + 40247 = -5863 - 25082. Calculate the remainder when a is divided by 15.
13
Let q(m) = 4*m - 43. Suppose 7*f - 140 = -0. Let w be q(f). Let p = -18 + w. Calculate the remainder when 54 is divided by p.
16
What is the remainder when (-3)/(5 - (-2 + 109464/15636)) is divided by 1950?
9
Suppose 2*k - 4*k - 1134 = -4*r, 0 = -5*r - 2*k + 1404. Let i(n) = 43*n - 4329. Calculate the remainder when r is divided by i(102).
54
Let s(f) = f - 12 + 0*f - 3*f + 2. Let d be s(6). What is the remainder when 24 is divided by 742/154 - 4/d?
4
Let p = -2350 - -2437. What is the remainder when 494 is divided by p?
59
Let v(u) = 17*u**2 + 439*u + 41. Calculate the remainder when 547 is divided by v(-26).
71
Suppose k - p - 105 = 0, -k + 123 = 2*p + 3*p. Suppose -7*z = -3*z - k. What is the remainder when z is divided by 10?
7
Let p(c) = c**3 + 4*c**2 - 5*c + 2. Let g be p(-5). Calculate the remainder when 3/(73/(-38) + g) is divided by ((3 + -6)/((-45)/6))/((-2)/(-50)).
8
Let s be 2/(-4) - 130/(-20). Let k(q) = -3*q + 36. What is the rema